{"id":223,"date":"2023-04-14T15:03:47","date_gmt":"2023-04-14T15:03:47","guid":{"rendered":"http:\/\/falknerei-off.de\/?page_id=223"},"modified":"2025-11-14T12:17:31","modified_gmt":"2025-11-14T12:17:31","slug":"angebote-preise","status":"publish","type":"page","link":"https:\/\/falknerei-off.de\/?page_id=223","title":{"rendered":"Angebote &#038; Preise"},"content":{"rendered":"<div  data-label=\"Portfolio\" data-id=\"portfolio--4\" data-export-id=\"portfolio-6\" data-category=\"portfolio\" class=\"portfolio-6 content-section content-section-spacing\" id=\"portfolio-4\" style=\"background-color: rgb(0, 0, 0); background-image: none;\"><div  class=\"gridContainer\"> <div  class=\"row text-center\"><div  class=\"section-title-col\" data-type=\"column\"> <h2  class=\"\"><span  style=\"color: rgb(253, 254, 255);\">Angebote<\/span><\/h2> <p  class=\"lead\"><span  style=\"color: rgb(255, 255, 255);\">Lerne unsere V\u00f6gel und die Falknerei kennen. Wir haben f\u00fcr alle was im Angebot.<\/span><\/p><\/div> <\/div> <div  class=\"row space-bottom spaced-cols\" data-type=\"row\"> <div  class=\"col-xs-12 col-sm-4 text-center\"> <div  class=\"card no-padding \"> <div  data-hover-fx=\"portfolio-5\" class=\"contentswap-effect\"> <div  class=\"initial-image\"> <img  decoding=\"async\" data-size=\"500x333\" src=\"http:\/\/falknerei-off.de\/wp-content\/uploads\/2023\/04\/AND01881-scaled.jpg\"><\/div> <div  class=\"overlay bg-color6\"><\/div> <div  class=\"swap-inner col-xs-12\"> <div  class=\"row full-height-row middle-xs middle-sm\"> <div  class=\"col-xs-12 text-center content-holder\"> <a  href=\"https:\/\/falknerei-off.de?page_id=223\" target=\"_self\" rel=\"noopener\"><i  class=\"fa icon portfolio-icon fa-search big color-black\" aria-hidden=\"true\"><\/i><\/a><\/div> <\/div><\/div> <\/div> <div  class=\"space-bottom space-top col-xs-12\" data-type=\"column\"> <h4  class=\"\">Hausbesuch mit Franzi<\/h4> <p  class=\"small italic\">Wir kommen zu Dir nach Hause, mit dabei haben wir Franzi, unsere Wei\u00dfgesichtseule.<\/p><a  class=\"button color1\" href=\"#\" target=\"_self\" data-cp-link=\"1\" data-icon=\"\" rel=\"noopener\">60\u20ac plus evtl anfallende Fahrtkosten <\/a><img  decoding=\"async\" class=\"custom-image\" src=\"http:\/\/falknerei-off.de\/wp-content\/uploads\/2023\/04\/cropped-AND07064-scaled-1.jpg\" title=\"AND07064\" alt=\"\"><a  class=\"button small color3\" href=\"#\" target=\"_self\" data-cp-link=\"1\" data-icon=\"\" rel=\"noopener\">Dauer ca. 30 Minuten<\/a><\/div> <\/div><\/div> <div  class=\"col-xs-12 col-sm-4 text-center\"><div  class=\"card no-padding \"> <div  data-hover-fx=\"portfolio-5\" class=\"contentswap-effect\"><div  class=\"initial-image\"> <img  decoding=\"async\" data-size=\"500x333\" src=\"http:\/\/falknerei-off.de\/wp-content\/uploads\/2023\/04\/IMG_4633-scaled.jpg\"><\/div> <div  class=\"overlay bg-color6\"><\/div> <div  class=\"swap-inner col-xs-12\"> <div  class=\"row full-height-row middle-xs middle-sm\"> <div  class=\"col-xs-12 text-center content-holder\"> <a  href=\"#\" target=\"_self\" rel=\"noopener\"><i  class=\"fa icon portfolio-icon fa-search big color-black\" aria-hidden=\"true\"><\/i><\/a><\/div> <\/div><\/div> <\/div> <div  class=\"space-bottom space-top col-xs-12\" data-type=\"column\"> <h4  class=\"\">Waldspaziergang<\/h4> <p  class=\"small italic\">Wir gehen zusammen mit unserem frei fliegenden Harris Hawk spazieren. Dabei landet er auch mal auf Deiner Faust. Ein unvergleichbares Erlebnis. \n<br >Bis zu 5 Personen incl. (2 Kinder z\u00e4hlen als eine Person) ab 6 Jahre!<\/p><a  class=\"button big color1\" href=\"#\" target=\"_self\" data-cp-link=\"1\" data-icon=\"\" rel=\"noopener\">160\u20ac                                                             <\/a><img  decoding=\"async\" class=\"custom-image\" src=\"http:\/\/falknerei-off.de\/wp-content\/uploads\/2023\/04\/AND02882-scaled.jpg\" title=\"AND02882\" alt=\"\"><a  class=\"button small color3\" href=\"#\" target=\"_self\" data-cp-link=\"1\" data-icon=\"\" rel=\"noopener\">Dauer 90 Minuten<\/a><\/div> <\/div><\/div> <div  class=\"col-xs-12 col-sm-4 text-center\"><div  class=\"card no-padding \"> <div  data-hover-fx=\"portfolio-5\" class=\"contentswap-effect\"><div  class=\"initial-image\"> <img  decoding=\"async\" data-size=\"500x333\" src=\"http:\/\/falknerei-off.de\/wp-content\/uploads\/2023\/04\/cropped-41A1862-scaled-1.jpg\"><\/div> <div  class=\"overlay bg-color6\"><\/div> <div  class=\"swap-inner col-xs-12\"> <div  class=\"row full-height-row middle-xs middle-sm\"> <div  class=\"col-xs-12 text-center content-holder\"> <a  href=\"#\" target=\"_self\" rel=\"noopener\"><i  class=\"fa icon portfolio-icon fa-search big color-black\" aria-hidden=\"true\"><\/i><\/a><\/div> <\/div><\/div> <\/div> <div  class=\"space-bottom space-top col-xs-12\" data-type=\"column\"> <h4  class=\"\">Fotoshooting<\/h4> <p  class=\"small italic\">Zusammen mit einem Fotografen erm\u00f6glichen wir Dir das \u201eBesondere Bild\u201c. Fast alles ist m\u00f6glich, einfach mal anfragen. Wir erf\u00fcllen Tr\u00e4ume!<\/p><a  class=\"button big color1\" href=\"#\" target=\"_self\" data-cp-link=\"1\" data-icon=\"\" rel=\"noopener\">ab 160\u20ac je nach Aufwand<\/a><img  decoding=\"async\" class=\"custom-image\" src=\"http:\/\/falknerei-off.de\/wp-content\/uploads\/2023\/04\/20A9817-scaled.jpg\" title=\"_20A9817\" alt=\"\"><\/div> <\/div><\/div> <\/div> <div  class=\"row\"> <div  data-type=\"column\" class=\"col-xs-12 text-center\"> <\/div> <\/div><\/div> <\/div><div  data-label=\"Portfolio\" data-id=\"portfolio--3\" data-export-id=\"portfolio-6\" data-category=\"portfolio\" class=\"portfolio-6 content-section content-section-spacing\" id=\"portfolio-3\" style=\"background-color: rgb(0, 0, 0); background-image: none;\"><div  class=\"gridContainer\"> <div  class=\"row text-center\"><div  class=\"section-title-col\" data-type=\"column\"> <h2  class=\"\"><span  style=\"color: rgb(255, 255, 255);\">F\u00fcr unsere Kleinen<\/span><\/h2> <p  class=\"lead\"><span  style=\"color: rgb(253, 254, 255);\">Wir wissen was Kinder wollen und wie wir Ihnen ein unvergessliches Erlebnis erm\u00f6glichen.<\/span><\/p><\/div> <\/div> <div  class=\"row space-bottom spaced-cols\" data-type=\"row\"> <div  class=\"col-xs-12 col-sm-4 text-center\"> <div  class=\"card no-padding \"> <div  data-hover-fx=\"portfolio-5\" class=\"contentswap-effect\"> <div  class=\"initial-image\"> <img  decoding=\"async\" data-size=\"500x333\" src=\"http:\/\/falknerei-off.de\/wp-content\/uploads\/2023\/04\/20A8894-scaled.jpg\"><\/div> <div  class=\"overlay bg-color6\"><\/div> <div  class=\"swap-inner col-xs-12\"> <div  class=\"row full-height-row middle-xs middle-sm\"> <div  class=\"col-xs-12 text-center content-holder\"> <a  href=\"#\" target=\"_self\" rel=\"noopener\"><i  class=\"fa icon portfolio-icon fa-search big color-black\" aria-hidden=\"true\"><\/i><\/a><\/div> <\/div><\/div> <\/div> <div  class=\"space-bottom space-top col-xs-12\" data-type=\"column\"> <h4  class=\"\">Kindergeburtstag (8-14 Jahre)<\/h4> <p  class=\"small italic\">Waldspaziergang mit frei fliegendem Harris Hawk und landen auf der Faust vom Geburtstagskind incl. Snack. Wir zeigen euch auch ein bis drei unserer anderen V\u00f6gel und alle Kinder d\u00fcrfen eine kleine Eule auf der Faust landen lassen.<br >\n(bis zu 8 Kinder plus Erwachsener)<\/p><a  class=\"button color1\" href=\"#\" target=\"_self\" data-cp-link=\"1\" data-icon=\"\" rel=\"noopener\">160\u20ac<\/a><\/div> <\/div><\/div> <div  class=\"col-xs-12 col-sm-4 text-center\"><div  class=\"card no-padding \"> <div  data-hover-fx=\"portfolio-5\" class=\"contentswap-effect\"><div  class=\"initial-image\"> <img  decoding=\"async\" data-size=\"500x333\" src=\"http:\/\/falknerei-off.de\/wp-content\/uploads\/2023\/04\/P1170278-1-scaled.jpg\"><\/div> <div  class=\"overlay bg-color6\"><\/div> <div  class=\"swap-inner col-xs-12\"> <div  class=\"row full-height-row middle-xs middle-sm\"> <div  class=\"col-xs-12 text-center content-holder\"> <a  href=\"#\" target=\"_self\" rel=\"noopener\"><i  class=\"fa icon portfolio-icon fa-search big color-black\" aria-hidden=\"true\"><\/i><\/a><\/div> <\/div><\/div> <\/div> <div  class=\"space-bottom space-top col-xs-12\" data-type=\"column\"> <h4  class=\"\">Kindergeburtstag (10-14 Jahre)<\/h4> <p  class=\"small italic\">Waldspaziergang mit frei fliegendem Harris Hawk, der bei allen Kindern landet (ab ca. 130 cm K\u00f6rpergr\u00f6\u00dfe) incl. Snack. Wir zeigen euch auch ein bis drei unserer anderen V\u00f6gel.<br >\n(bis zu 8 Kinder und einen Erwachsenen)<\/p><a  class=\"button color1\" href=\"#\" target=\"_self\" data-cp-link=\"1\" data-icon=\"\" rel=\"noopener\">190\u20ac<\/a><\/div> <\/div><\/div> <div  class=\"col-xs-12 col-sm-4 text-center\"><div  class=\"card no-padding \"> <div  data-hover-fx=\"portfolio-5\" class=\"contentswap-effect\"><div  class=\"initial-image\"> <img  decoding=\"async\" data-size=\"500x333\" src=\"http:\/\/falknerei-off.de\/wp-content\/uploads\/2023\/04\/20A9409-scaled.jpg\"><\/div> <div  class=\"overlay bg-color6\"><\/div> <div  class=\"swap-inner col-xs-12\"> <div  class=\"row full-height-row middle-xs middle-sm\"> <div  class=\"col-xs-12 text-center content-holder\"> <a  href=\"#\" target=\"_self\" rel=\"noopener\"><i  class=\"fa icon portfolio-icon fa-search big color-black\" aria-hidden=\"true\"><\/i><\/a><\/div> <\/div><\/div> <\/div> <div  class=\"space-bottom space-top col-xs-12\" data-type=\"column\"> <h4  class=\"\">Besuch im Kindergarten\/Schule<\/h4> <p  class=\"small italic\">Wir besuchen euch in der Schule oder im Kindergarten. Ein lehrereicher Tag f\u00fcr die ganze Klasse.<\/p><a  class=\"button color1\" href=\"#\" target=\"_self\" data-cp-link=\"1\" data-icon=\"\" rel=\"noopener\">je nach Umfang<\/a><\/div> <\/div><\/div> <\/div> <div  class=\"row\"> <div  data-type=\"column\" class=\"col-xs-12 text-center\"> <\/div> <\/div><\/div> <\/div><div  data-label=\"About\" data-id=\"about--1\" data-export-id=\"about-4\" data-category=\"about\" class=\"about-4 content-section content-section-spacing\" id=\"about-1\" style=\"background-color: rgb(255, 255, 255);\"><div  class=\"gridContainer\"> <div  class=\"row middle-sm text-center\"><div  class=\"col-sm-5 space-bottom-xs\" data-type=\"column\">  <h2  class=\"\">WICHTIGE HINWEISE<\/h2> <p  class=\"\">(wir gehen bei fast jedem Wetter raus, daher bitte geeignete Kleidung mitbringen. Sollte das Wetter uns jedoch einmal einen Strich durch die Rechnung machen, wird der Termin selbstverst\u00e4ndlich nach geholt!)<br >\n<span  style=\"font-weight: 700;\">Wichtig: Wir wollen nochmals erw\u00e4hnen, dass es sich hier um die Arbeit mit einem Greifvogel handelt \u2013 er ist und bleibt ein Wildtier! Wir lieben Kinder, aber diese k\u00f6nnen nur mit einer Aufsichtsperson teilnehmen, welche die Verantwortung \u00fcbernimmt.<\/span><\/p> <\/div> <div  class=\"col-sm-7 flexbox center-xs middle-xs image-group-2-img\"> <img  decoding=\"async\" class=\"img-1 shadow-large\" data-size=\"250x200\" src=\"http:\/\/falknerei-off.de\/wp-content\/uploads\/2023\/04\/cropped-41A2106.jpg\" title=\"cropped-41A2106.jpg\" alt=\"\"> <img  decoding=\"async\" class=\"img-2 shadow-large\" data-size=\"220x170\" src=\"http:\/\/falknerei-off.de\/wp-content\/uploads\/2023\/04\/41A1074-scaled.jpg\" title=\"_41A1074\" alt=\"\"><\/div> <\/div><\/div> <\/div><div  data-label=\"Contact\" data-id=\"contact--1\" data-export-id=\"contact-1\" data-category=\"contact\" class=\"contact-1 content-section content-section-spacing white-text\" data-parallax-depth=\"20\" id=\"contact-1\" style=\"background-color: rgb(245, 250, 253); background-image: url(&quot;http:\/\/falknerei-off.de\/wp-content\/uploads\/2023\/04\/AND01922.jpg&quot;); background-size: cover; background-position: center top;\"><div  class=\"gridContainer\"> <div  class=\"row text-center\"><div  class=\"section-title-col\" data-type=\"column\"> <h2  class=\"\">Kontakt<\/h2> <\/div> <\/div> <div  class=\"row text-center\"> <div  class=\"col-xs-12 col-sm-8 col-sm-offset-2 contact-form-wrapper inline-info\"> <div  class=\"card large-padding\"> <div  class=\"\" data-content-shortcode=\"mesmerize_contact_form shortcode=&quot;contact-form-7 id=&amp;amp;quot;182&amp;amp;quot; title=&amp;amp;quot;Kontaktformular 1&amp;amp;quot;&quot;\" data-editable=\"true\">\n<div class=\"wpcf7 no-js\" id=\"wpcf7-f182-o1\" lang=\"de-DE\" dir=\"ltr\" data-wpcf7-id=\"182\">\n<div class=\"screen-reader-response\"><p role=\"status\" aria-live=\"polite\" aria-atomic=\"true\"><\/p> <ul><\/ul><\/div>\n<form action=\"\/index.php?rest_route=%2Fwp%2Fv2%2Fpages%2F223#wpcf7-f182-o1\" method=\"post\" class=\"wpcf7-form init\" aria-label=\"Kontaktformular\" novalidate=\"novalidate\" data-status=\"init\">\n<fieldset class=\"hidden-fields-container\"><input type=\"hidden\" name=\"_wpcf7\" value=\"182\" \/><input type=\"hidden\" name=\"_wpcf7_version\" value=\"6.1.5\" \/><input type=\"hidden\" name=\"_wpcf7_locale\" value=\"de_DE\" \/><input type=\"hidden\" name=\"_wpcf7_unit_tag\" value=\"wpcf7-f182-o1\" \/><input type=\"hidden\" name=\"_wpcf7_container_post\" value=\"0\" \/><input type=\"hidden\" name=\"_wpcf7_posted_data_hash\" value=\"\" \/>\n<\/fieldset>\n<p><label> Dein Name<br \/>\n<span class=\"wpcf7-form-control-wrap\" data-name=\"your-name\"><input size=\"40\" maxlength=\"400\" class=\"wpcf7-form-control wpcf7-text wpcf7-validates-as-required\" autocomplete=\"name\" aria-required=\"true\" aria-invalid=\"false\" value=\"\" type=\"text\" name=\"your-name\" \/><\/span> <\/label>\n<\/p>\n<p><label> Deine E-Mail-Adresse<br \/>\n<span class=\"wpcf7-form-control-wrap\" data-name=\"your-email\"><input size=\"40\" maxlength=\"400\" class=\"wpcf7-form-control wpcf7-email wpcf7-validates-as-required wpcf7-text wpcf7-validates-as-email\" autocomplete=\"email\" aria-required=\"true\" aria-invalid=\"false\" value=\"\" type=\"email\" name=\"your-email\" \/><\/span> <\/label>\n<\/p>\n<p><label> Betreff<br \/>\n<span class=\"wpcf7-form-control-wrap\" data-name=\"your-subject\"><input size=\"40\" maxlength=\"400\" class=\"wpcf7-form-control wpcf7-text wpcf7-validates-as-required\" aria-required=\"true\" aria-invalid=\"false\" value=\"\" type=\"text\" name=\"your-subject\" \/><\/span> <\/label>\n<\/p>\n<p><label> Deine Nachricht (optional)<br \/>\n<span class=\"wpcf7-form-control-wrap\" data-name=\"your-message\"><textarea cols=\"40\" rows=\"10\" maxlength=\"2000\" class=\"wpcf7-form-control wpcf7-textarea\" aria-invalid=\"false\" name=\"your-message\"><\/textarea><\/span> <\/label>\n<\/p>\n<p><input class=\"wpcf7-form-control wpcf7-submit has-spinner\" type=\"submit\" value=\"Senden\" \/>\n<\/p><div class=\"wpcf7-response-output\" aria-hidden=\"true\"><\/div>\n<\/form>\n<\/div>\n<\/div><\/div> <\/div><\/div> <\/div><\/div>","protected":false},"excerpt":{"rendered":"<p>Angebote Lerne unsere V\u00f6gel und die Falknerei kennen. Wir haben f\u00fcr alle was im Angebot. Hausbesuch mit Franzi Wir kommen zu Dir nach Hause, mit dabei haben wir Franzi, unsere Wei\u00dfgesichtseule.60\u20ac plus evtl anfallende Fahrtkosten Dauer ca. 30 Minuten Waldspaziergang Wir gehen zusammen mit unserem frei fliegenden Harris Hawk spazieren. Dabei landet er auch mal&hellip; <br \/> <a class=\"read-more\" href=\"https:\/\/falknerei-off.de\/?page_id=223\">Weiterlesen<\/a><\/p>\n","protected":false},"author":2,"featured_media":0,"parent":0,"menu_order":0,"comment_status":"closed","ping_status":"closed","template":"pro\/page-templates\/full-width-page.php","meta":{"footnotes":""},"class_list":["post-223","page","type-page","status-publish","hentry"],"_links":{"self":[{"href":"https:\/\/falknerei-off.de\/index.php?rest_route=\/wp\/v2\/pages\/223","targetHints":{"allow":["GET"]}}],"collection":[{"href":"https:\/\/falknerei-off.de\/index.php?rest_route=\/wp\/v2\/pages"}],"about":[{"href":"https:\/\/falknerei-off.de\/index.php?rest_route=\/wp\/v2\/types\/page"}],"author":[{"embeddable":true,"href":"https:\/\/falknerei-off.de\/index.php?rest_route=\/wp\/v2\/users\/2"}],"replies":[{"embeddable":true,"href":"https:\/\/falknerei-off.de\/index.php?rest_route=%2Fwp%2Fv2%2Fcomments&post=223"}],"version-history":[{"count":12,"href":"https:\/\/falknerei-off.de\/index.php?rest_route=\/wp\/v2\/pages\/223\/revisions"}],"predecessor-version":[{"id":462,"href":"https:\/\/falknerei-off.de\/index.php?rest_route=\/wp\/v2\/pages\/223\/revisions\/462"}],"wp:attachment":[{"href":"https:\/\/falknerei-off.de\/index.php?rest_route=%2Fwp%2Fv2%2Fmedia&parent=223"}],"curies":[{"name":"wp","href":"https:\/\/api.w.org\/{rel}","templated":true}]}}